{"id":4149,"date":"2024-04-21T14:42:11","date_gmt":"2024-04-21T14:42:11","guid":{"rendered":"https:\/\/test-b96bf2.ingress-florina.ewp.live\/?post_type=product&#038;p=4149"},"modified":"2025-12-09T18:03:57","modified_gmt":"2025-12-09T18:03:57","slug":"robe","status":"publish","type":"product","link":"https:\/\/streetstyleinmorocco.com\/?product=robe","title":{"rendered":"Robe temp test"},"content":{"rendered":"","protected":false},"excerpt":{"rendered":"<p>Robe chic et audacieuse, en noir et jaune vif. Le contraste saisissant entre les deux couleurs cr\u00e9e un look dynamique et \u00e9l\u00e9gant. Le corsage ajust\u00e9 met en valeur la silhouette tandis que la jupe \u00e9vas\u00e9e ajoute une touche de l\u00e9g\u00e8ret\u00e9 et de mouvement. Les d\u00e9tails raffin\u00e9s en dentelle noire ajoutent une touche de sophistication \u00e0 cette pi\u00e8ce unique. Parfaite pour les soir\u00e9es sp\u00e9ciales ou les \u00e9v\u00e9nements glamour, cette robe vous garantit un style inoubliable qui ne passera pas inaper\u00e7u.<\/p>\n","protected":false},"featured_media":4144,"comment_status":"open","ping_status":"closed","template":"","meta":[],"product_brand":[],"product_cat":[70],"product_tag":[],"class_list":{"0":"post-4149","1":"product","2":"type-product","3":"status-publish","4":"has-post-thumbnail","6":"product_cat-vetements","8":"first","9":"instock","10":"sale","11":"shipping-taxable","12":"purchasable","13":"product-type-simple"},"jetpack_sharing_enabled":true,"_links":{"self":[{"href":"https:\/\/streetstyleinmorocco.com\/index.php?rest_route=\/wp\/v2\/product\/4149","targetHints":{"allow":["GET"]}}],"collection":[{"href":"https:\/\/streetstyleinmorocco.com\/index.php?rest_route=\/wp\/v2\/product"}],"about":[{"href":"https:\/\/streetstyleinmorocco.com\/index.php?rest_route=\/wp\/v2\/types\/product"}],"replies":[{"embeddable":true,"href":"https:\/\/streetstyleinmorocco.com\/index.php?rest_route=%2Fwp%2Fv2%2Fcomments&post=4149"}],"wp:featuredmedia":[{"embeddable":true,"href":"https:\/\/streetstyleinmorocco.com\/index.php?rest_route=\/wp\/v2\/media\/4144"}],"wp:attachment":[{"href":"https:\/\/streetstyleinmorocco.com\/index.php?rest_route=%2Fwp%2Fv2%2Fmedia&parent=4149"}],"wp:term":[{"taxonomy":"product_brand","embeddable":true,"href":"https:\/\/streetstyleinmorocco.com\/index.php?rest_route=%2Fwp%2Fv2%2Fproduct_brand&post=4149"},{"taxonomy":"product_cat","embeddable":true,"href":"https:\/\/streetstyleinmorocco.com\/index.php?rest_route=%2Fwp%2Fv2%2Fproduct_cat&post=4149"},{"taxonomy":"product_tag","embeddable":true,"href":"https:\/\/streetstyleinmorocco.com\/index.php?rest_route=%2Fwp%2Fv2%2Fproduct_tag&post=4149"}],"curies":[{"name":"wp","href":"https:\/\/api.w.org\/{rel}","templated":true}]}}